{"id":101993,"date":"2025-05-06T02:49:54","date_gmt":"2025-05-06T00:49:54","guid":{"rendered":"https:\/\/kassel-spielt.de\/press\/?page_id=101993"},"modified":"2025-05-06T03:43:55","modified_gmt":"2025-05-06T01:43:55","slug":"spezielle-treffs","status":"publish","type":"page","link":"https:\/\/kassel-spielt.de\/press\/termine-2\/spezielle-treffs\/","title":{"rendered":"Spezielle Treffs"},"content":{"rendered":"\n\n\n<p>Unsere n\u00e4chsten 10 regelm\u00e4\u00dfigen Treffs, wo gezielt spezielle Spiele gespielt werden:<\/p>\n\n\n<h1> <\/h1>\n<ul class='eme_events_list'><li>4. Mai 2026,<br>\n 18:00 bis 21:30 Uhr:<br>\n  <a href='https:\/\/kassel-spielt.de\/press\/events\/magic-modern-256\/'  title='Magic - Modern'>Magic &#8211; Modern<\/a> <br>\nAn der Fuldabr\u00fccke 6 in Kassel <\/li>\n<hr><li>6. Mai 2026,<br>\n 18:00 bis 21:00 Uhr:<br>\n  <a href='https:\/\/kassel-spielt.de\/press\/events\/wir-helfen-dem-verein-treff-135\/'  title='Wir-Helfen-dem-Verein-Treff'>Wir-Helfen-dem-Verein-Treff<\/a> <br>\nAn der Fuldabr\u00fccke 6 in Kassel <\/li>\n<hr><li>7. Mai 2026,<br>\n 18:30 bis 21:00 Uhr:<br>\n  <a href='https:\/\/kassel-spielt.de\/press\/events\/magic-draft-248\/'  title='Magic - Draft'>Magic &#8211; Draft<\/a> <br>\nAn der Fuldabr\u00fccke 6 in Kassel <\/li>\n<hr><li>8. Mai 2026,<br>\n 18:00 bis 21:00 Uhr:<br>\n  <a href='https:\/\/kassel-spielt.de\/press\/events\/backgammon-am-freitag-68\/'  title='Backgammon am Freitag'>Backgammon am Freitag<\/a> <br>\nAn der Fuldabr\u00fccke 6 in Kassel <\/li>\n<hr><li>8. Mai 2026,<br>\n 18:30 bis 22:00 Uhr:<br>\n  <a href='https:\/\/kassel-spielt.de\/press\/events\/doppelkopf-treff-47\/'  title='Doppelkopf Treff'>Doppelkopf Treff<\/a> <br>\nAn der Fuldabr\u00fccke 6 in Kassel <\/li>\n<hr><li>9. Mai 2026,<br>\n 19:30 bis 23:59 Uhr:<br>\n  <a href='https:\/\/kassel-spielt.de\/press\/events\/rollenspiel-am-samstag-12\/'  title='Rollenspiel am Samstag'>Rollenspiel am Samstag<\/a> <br>\nAn der Fuldabr\u00fccke 6 in Kassel <\/li>\n<hr><li>11. Mai 2026,<br>\n 18:00 bis 21:30 Uhr:<br>\n  <a href='https:\/\/kassel-spielt.de\/press\/events\/magic-modern-257\/'  title='Magic - Modern'>Magic &#8211; Modern<\/a> <br>\nAn der Fuldabr\u00fccke 6 in Kassel <\/li>\n<hr><li>13. Mai 2026,<br>\n 18:00 bis 21:00 Uhr:<br>\n  <a href='https:\/\/kassel-spielt.de\/press\/events\/wir-helfen-dem-verein-treff-136\/'  title='Wir-Helfen-dem-Verein-Treff'>Wir-Helfen-dem-Verein-Treff<\/a> <br>\nAn der Fuldabr\u00fccke 6 in Kassel <\/li>\n<hr><li>14. Mai 2026,<br>\n 18:30 bis 21:00 Uhr:<br>\n  <a href='https:\/\/kassel-spielt.de\/press\/events\/magic-draft-249\/'  title='Magic - Draft'>Magic &#8211; Draft<\/a> <br>\nAn der Fuldabr\u00fccke 6 in Kassel <\/li>\n<hr><li>15. Mai 2026,<br>\n 18:00 bis 21:00 Uhr:<br>\n  <a href='https:\/\/kassel-spielt.de\/press\/events\/backgammon-am-freitag-69\/'  title='Backgammon am Freitag'>Backgammon am Freitag<\/a> <br>\nAn der Fuldabr\u00fccke 6 in Kassel <\/li>\n<hr><\/ul>\n\n\n","protected":false},"excerpt":{"rendered":"<p>Unsere n\u00e4chsten 10 regelm\u00e4\u00dfigen Treffs, wo gezielt spezielle Spiele gespielt werden:<\/p>\n","protected":false},"author":393,"featured_media":0,"parent":128,"menu_order":0,"comment_status":"closed","ping_status":"closed","template":"","meta":{"rop_custom_images_group":[],"rop_custom_messages_group":[],"rop_publish_now":"initial","rop_publish_now_accounts":[],"rop_publish_now_history":[],"rop_publish_now_status":"pending","ngg_post_thumbnail":0,"footnotes":""},"class_list":["post-101993","page","type-page","status-publish","hentry"],"_links":{"self":[{"href":"https:\/\/kassel-spielt.de\/press\/wp-json\/wp\/v2\/pages\/101993","targetHints":{"allow":["GET"]}}],"collection":[{"href":"https:\/\/kassel-spielt.de\/press\/wp-json\/wp\/v2\/pages"}],"about":[{"href":"https:\/\/kassel-spielt.de\/press\/wp-json\/wp\/v2\/types\/page"}],"author":[{"embeddable":true,"href":"https:\/\/kassel-spielt.de\/press\/wp-json\/wp\/v2\/users\/393"}],"replies":[{"embeddable":true,"href":"https:\/\/kassel-spielt.de\/press\/wp-json\/wp\/v2\/comments?post=101993"}],"version-history":[{"count":3,"href":"https:\/\/kassel-spielt.de\/press\/wp-json\/wp\/v2\/pages\/101993\/revisions"}],"predecessor-version":[{"id":102001,"href":"https:\/\/kassel-spielt.de\/press\/wp-json\/wp\/v2\/pages\/101993\/revisions\/102001"}],"up":[{"embeddable":true,"href":"https:\/\/kassel-spielt.de\/press\/wp-json\/wp\/v2\/pages\/128"}],"wp:attachment":[{"href":"https:\/\/kassel-spielt.de\/press\/wp-json\/wp\/v2\/media?parent=101993"}],"curies":[{"name":"wp","href":"https:\/\/api.w.org\/{rel}","templated":true}]}}