{"id":65,"date":"2013-10-14T17:09:33","date_gmt":"2013-10-14T15:09:33","guid":{"rendered":"http:\/\/Kassel-spielt.de\/press\/?page_id=65"},"modified":"2026-04-03T23:02:58","modified_gmt":"2026-04-03T21:02:58","slug":"das-vereinslokal","status":"publish","type":"page","link":"https:\/\/kassel-spielt.de\/press\/der-verein\/das-vereinslokal\/","title":{"rendered":"Ludothek"},"content":{"rendered":"<h3><span style=\"color: #ff6600;\"><strong>R\u00e4ume, die jeder zum Spielen nutzen kann:<\/strong><\/span><\/h3>\n<ul>\n<li>und zwar kostenlos!<\/li>\n<li>mit t\u00e4glichen \u00d6ffnungszeiten und vielen Veranstaltungen (<strong><a href=\"https:\/\/kassel-spielt.de\/press\/termine-2\/\">siehe Termine<\/a><\/strong>)<\/li>\n<\/ul>\n<hr>\n<h3><span style=\"color: #ff6600;\"><strong>Unterst\u00fctzung von vielen Seiten:<\/strong><\/span><\/h3>\n<p>Unterst\u00fctzt durch die GWG haben wir im Erdgeschoss des Geb\u00e4udes &#8222;An der Fuldabr\u00fccke 6&#8220; (Altmarkt Richtung Fulda) zwei sch\u00f6ne, gro\u00dfe R\u00e4ume mit Tischen, St\u00fchlen und nat\u00fcrlich mit Regalen voller Spiele eingerichtet. Jeder kann mitspielen. Das Spielen bei uns kostet nichts!<\/p>\n<p>Die Miete und Nebenkosten f\u00fcr die R\u00e4ume bezahlt der Verein \u00fcber Mitgliedsbeitr\u00e4ge, Spenden und die Einnahmen aus der Cafeteria.&nbsp;<\/p>\n<p>Wir freuen uns \u00fcber<strong> <a href=\"https:\/\/kassel-spielt.de\/press\/wp-content\/uploads\/2025\/01\/Mitgliederantrag-2025.pdf\" target=\"_blank\" rel=\"noopener\">neue Mitglieder<\/a><\/strong> und jede <strong><a href=\"https:\/\/kassel-spielt.de\/press\/downloads\/\">Unterst\u00fctzung<\/a><\/strong>, denn gemeinsam sind wir stark und schaffen R\u00e4ume f\u00fcr ein gemeinsames Erleben!<\/p>\n<hr>\n<p><a href=\"http:\/\/kassel-spielt.de\/press\/wp-content\/uploads\/2018\/04\/IMG_4362.jpg\"><img loading=\"lazy\" decoding=\"async\" class=\"alignnone wp-image-9861 size-full\" src=\"http:\/\/kassel-spielt.de\/press\/wp-content\/uploads\/2018\/04\/IMG_4362.jpg\" alt=\"\" width=\"640\" height=\"480\" srcset=\"https:\/\/kassel-spielt.de\/press\/wp-content\/uploads\/2018\/04\/IMG_4362.jpg 640w, https:\/\/kassel-spielt.de\/press\/wp-content\/uploads\/2018\/04\/IMG_4362-300x225.jpg 300w\" sizes=\"auto, (max-width: 640px) 100vw, 640px\" \/><\/a><\/p>\n<h3><span style=\"color: #ff6600;\"><strong>Das findest Du in unseren R\u00e4umen:<\/strong><\/span><\/h3>\n<p>In unseren Vereinsr\u00e4umen gibt es \u00fcber 4.000 Spiele zum Ausprobieren &#8211; eine Liste der inventarisierten Spiele findest Du <a href=\"https:\/\/kassel-spielt.de\/press\/der-verein\/unsere-spielesammlung\/spieleuebersicht-beta\/\">hier<\/a>.<\/p>\n<p>So sieht&#8217;s bei uns aus: Regale voller Brett- und Kartenspiele, Kinder-, Familien- und Strategiespiele. Und nat\u00fcrlich Tische und St\u00fchle und nette Leute, die sich \u00fcber neue Mitspieler freuen \ud83d\ude42<\/p>\n<p>Zwei R\u00e4ume stehen zum Spielen bereit, einmal rund 42 m\u00b2 gro\u00df, einmal rund 48 m\u00b2 gro\u00df.<br>Aber viel wichtiger ist:&nbsp; Du findest nette Mitspieler und kannst einen sch\u00f6nen Spielenachmittag oder Spieleabend bei uns verbringen.<\/p>\n<p>Einfach vorbeikommen und Mitspielen!<\/p>\n<hr>\n<h3><span style=\"color: #ff6600;\"><strong>Du findest uns hier:<\/strong><\/span><\/h3>\n<p><span style=\"color: #008000;\"><strong>Standort:<\/strong><\/span> An der Fuldabr\u00fccke 6, 34125 Kassel<\/p>\n<p><span style=\"color: #008000;\"><strong>Stra\u00dfenbahnhaltestelle: <\/strong><\/span>Altmarkt (Richtung Fulda auf der rechten Seite laufen), diverse Bus- und Tramlinien (3, 4, 6, 7, 8)<\/p>\n<p><span style=\"color: #008000;\"><strong>Parkpl\u00e4tze:<\/strong><\/span> einige direkt vor der T\u00fcr (Achtung! Innenstadtzone, Mo-Sa bis 20.00 Uhr geb\u00fchrenpflichtig), ansonsten am Steinweg oder vor dem neuen Finanzzentrum &#8211; oder auf der anderen Seite der Fulda am Unterneust\u00e4dter Kirchplatz (dort mit Parkscheibe m\u00f6glich).<\/p>\n<p>&nbsp;<\/p>\n\n","protected":false},"excerpt":{"rendered":"<p>R\u00e4ume, die jeder zum Spielen nutzen kann: und zwar kostenlos! mit t\u00e4glichen \u00d6ffnungszeiten und vielen Veranstaltungen (siehe Termine) Unterst\u00fctzung von vielen Seiten: Unterst\u00fctzt durch die GWG haben wir im Erdgeschoss des Geb\u00e4udes &#8222;An der Fuldabr\u00fccke 6&#8220; (Altmarkt Richtung Fulda) zwei sch\u00f6ne, gro\u00dfe R\u00e4ume mit Tischen, St\u00fchlen und nat\u00fcrlich mit Regalen voller Spiele eingerichtet. Jeder kann [&hellip;]<\/p>\n","protected":false},"author":75,"featured_media":0,"parent":4,"menu_order":0,"comment_status":"closed","ping_status":"open","template":"","meta":{"rop_custom_images_group":[],"rop_custom_messages_group":[],"rop_publish_now":"initial","rop_publish_now_accounts":[],"rop_publish_now_history":[],"rop_publish_now_status":"pending","ngg_post_thumbnail":0,"footnotes":""},"class_list":["post-65","page","type-page","status-publish","hentry"],"_links":{"self":[{"href":"https:\/\/kassel-spielt.de\/press\/wp-json\/wp\/v2\/pages\/65","targetHints":{"allow":["GET"]}}],"collection":[{"href":"https:\/\/kassel-spielt.de\/press\/wp-json\/wp\/v2\/pages"}],"about":[{"href":"https:\/\/kassel-spielt.de\/press\/wp-json\/wp\/v2\/types\/page"}],"author":[{"embeddable":true,"href":"https:\/\/kassel-spielt.de\/press\/wp-json\/wp\/v2\/users\/75"}],"replies":[{"embeddable":true,"href":"https:\/\/kassel-spielt.de\/press\/wp-json\/wp\/v2\/comments?post=65"}],"version-history":[{"count":16,"href":"https:\/\/kassel-spielt.de\/press\/wp-json\/wp\/v2\/pages\/65\/revisions"}],"predecessor-version":[{"id":104364,"href":"https:\/\/kassel-spielt.de\/press\/wp-json\/wp\/v2\/pages\/65\/revisions\/104364"}],"up":[{"embeddable":true,"href":"https:\/\/kassel-spielt.de\/press\/wp-json\/wp\/v2\/pages\/4"}],"wp:attachment":[{"href":"https:\/\/kassel-spielt.de\/press\/wp-json\/wp\/v2\/media?parent=65"}],"curies":[{"name":"wp","href":"https:\/\/api.w.org\/{rel}","templated":true}]}}